
{"id":3634,"date":"2020-09-21T11:59:20","date_gmt":"2020-09-21T09:59:20","guid":{"rendered":"https:\/\/przedszkole5.edu.wroclaw.pl\/?page_id=3634"},"modified":"2026-05-03T21:45:04","modified_gmt":"2026-05-03T19:45:04","slug":"grupa-vii","status":"publish","type":"page","link":"https:\/\/przedszkole5.edu.wroclaw.pl\/index.php\/zostan-w-domu\/grupa-vii\/","title":{"rendered":"Grupa VII &#8211; Pracusie"},"content":{"rendered":"<div class=\"wpb-content-wrapper\"><p>[vc_row][vc_column][vc_column_text css=&#8221;&#8221;]<span style=\"font-size: 32px\"><b>MAJ 2026<\/b><\/span><\/p>\n<p><strong>TYDZIE\u0143 Z KULTUR\u0104 I SZTUK\u0104<\/strong><\/p>\n<ul>\n<li>Wyzwalanie aktywno\u015bci ruchowej przy muzyce (I.5; III.2; IV.1)<\/li>\n<li>Utrwalanie znajomo\u015bci nazw instrument\u00f3w (I.5; III.2,7,8,9; IV.2,5,7)<\/li>\n<li>Zapoznanie z zawodem dyrygenta (IV.2,5; IV.16)<\/li>\n<li>Doskonalenie umiej\u0119tno\u015bci gry na wybranych instrumentach perkusyjnych (I.5,9; III.2; IV.1)<\/li>\n<li>Budowanie wiedzy o \u015bwiecie, wzbogacenie s\u0142ownictwa (teatr, muzeum, malarstwo) (I.5; III.5,8,9; IV.2,5,7; IV.1)<\/li>\n<\/ul>\n<p>&nbsp;<\/p>\n<p><strong><br \/>\nWIOSENNA \u0141\u0104KA<\/strong><\/p>\n<ul>\n<li>Wzbogacenie s\u0142ownictwa o tematyk\u0119 \u0142\u0105ki i jej mieszka\u0144c\u00f3w (I.5; III.5,8,9; IV.2,5,7; IV.1)<\/li>\n<li>Wprowadzenie litery <strong>f, F<\/strong> drukowanej i pisanej. Kre\u015blenie liter po \u015bladzie i samodzielnie (I.7, IV.2; IV.4,5)<\/li>\n<li>Pr\u00f3by czytania wyraz\u00f3w i zda\u0144 (IV.2,4)<\/li>\n<li>Cykl rozwoju \u017caby i motyla (I.5; IV.1,2,5,18)<\/li>\n<\/ul>\n<p>&nbsp;<\/p>\n<p><strong>WIELKIE SPO\u0141ECZNO\u015aCI<\/strong><\/p>\n<ul>\n<li>Poznanie zmys\u0142\u00f3w: w\u0119chu i smaku (I.5,6,8,9; III.5,8,9; IV.5,7,8)<\/li>\n<li>Wprowadzenie litery <strong>g, G <\/strong>drukowanej i pisanej. Kre\u015blenie liter po \u015bladzie i samodzielnie (IV.2; IV.4,5)<\/li>\n<li>Kre\u015blenie liter (I.7; IV.4,5)<\/li>\n<li>Pr\u00f3by czytania wyraz\u00f3w i zda\u0144 (IV.2,4)<\/li>\n<li>Wzbogacenie wiedzy o \u017cyciu pszcz\u00f3\u0142, mr\u00f3wek, m\u00f3rz i ocean\u00f3w (I.5,8,9; II.11; III.5,8,9; IV.1,2,3,9)<\/li>\n<li>Rozwijanie zainteresowa\u0144 przyrodniczych (III.8; IV.1,2; IV.16)<\/li>\n<\/ul>\n<p>&nbsp;<\/p>\n<p>&nbsp;<\/p>\n<p><strong>MOJA RODZINA<\/strong><\/p>\n<ul>\n<li>Kszta\u0142towanie przynale\u017cno\u015bci spo\u0142ecznej, wypowiedzi na temat rodziny (I.5; II.1,2; III.5,8,9; IV.2,5)<\/li>\n<li>Rozwi\u0105zywanie zagadek o rodzinie (IV.2; IV.18)<\/li>\n<li>Wprowadzenie litery <strong>h, H<\/strong> , kre\u015blenie liter po \u015bladzie i samodzielnie (IV.2; IV.4,5))<\/li>\n<li>Pr\u00f3by czytania wyraz\u00f3w i zda\u0144 (IV.2,4)<\/li>\n<li>Uczestnictwo w uroczysto\u015bciach (festyn rodzinny) (II.1,2; III.5,8,9; IV.2,9)<\/li>\n<li>Doskonalenie umiej\u0119tno\u015bci uwa\u017cnego s\u0142uchania (III.8; IV)<\/li>\n<\/ul>\n<p>&nbsp;<\/p>\n<p><strong>\u00a0\u201ePogodna rodzinka\u201d<\/strong> \u2013 Barbara Bester<\/p>\n<p>&nbsp;<\/p>\n<p>W mojej rodzinie tak jak w pogodzie<\/p>\n<p>du\u017co si\u0119 dzieje na co dzie\u0144.<\/p>\n<p>Czasem deszcz pada, burza nadchodzi,<\/p>\n<p>w mig mama lub tata to za\u0142agodzi.<\/p>\n<p>Gdy jest spokojnie, grzeczne s\u0105 dzieci<\/p>\n<p>robi si\u0119 ciep\u0142o, s\u0142oneczko \u015bwieci.<\/p>\n<p>Z chwil\u0105 gdy wszystkich \u0142\u0105czy zabawa,<\/p>\n<p>w\u00f3wczas si\u0119 pi\u0119kna t\u0119cza pojawia.<\/p>\n<p>&nbsp;<\/p>\n<p><strong>Piosenka:\u00a0 Moja mama jest the best<\/strong><br \/>\n(s\u0142. i muz. Robert Magielnicki).<\/p>\n<p>&nbsp;<\/p>\n<ol>\n<li>Moja mama najpi\u0119kniejsza,<\/li>\n<\/ol>\n<p>moja mama najm\u0105drzejsza.<\/p>\n<p>Z moj\u0105 mam\u0105 fajnie jest,<\/p>\n<p>moja mama jest the best.<\/p>\n<p>&nbsp;<\/p>\n<ol start=\"2\">\n<li>Moja mama mnie pilnuje.<\/li>\n<\/ol>\n<p>Mama smacznie mi gotuje.<\/p>\n<p>Z moj\u0105 mam\u0105 fajnie jest,<\/p>\n<p>moja mama jest the best.<\/p>\n<p>&nbsp;<\/p>\n<ol start=\"3\">\n<li>A gdy tylko \u017ale si\u0119 czuj\u0119,<\/li>\n<\/ol>\n<p>mama mn\u0105 si\u0119 opiekuje.<\/p>\n<p>Z moj\u0105 mam\u0105 fajnie jest,<\/p>\n<p>moja mama jest the best[\/vc_column_text][\/vc_column][\/vc_row]<\/p>\n<\/div>","protected":false},"excerpt":{"rendered":"<p>[vc_row][vc_column][vc_column_text css=&#8221;&#8221;]MAJ 2026 TYDZIE\u0143 Z KULTUR\u0104 I SZTUK\u0104 Wyzwalanie aktywno\u015bci ruchowej przy muzyce (I.5; III.2; IV.1) Utrwalanie znajomo\u015bci nazw instrument\u00f3w (I.5; III.2,7,8,9; IV.2,5,7) Zapoznanie z zawodem dyrygenta (IV.2,5; IV.16) Doskonalenie [&hellip;]<\/p>\n","protected":false},"author":15,"featured_media":0,"parent":1649,"menu_order":0,"comment_status":"closed","ping_status":"closed","template":"","meta":{"ngg_post_thumbnail":0,"footnotes":""},"class_list":["post-3634","page","type-page","status-publish","hentry","clearfix"],"_links":{"self":[{"href":"https:\/\/przedszkole5.edu.wroclaw.pl\/index.php\/wp-json\/wp\/v2\/pages\/3634","targetHints":{"allow":["GET"]}}],"collection":[{"href":"https:\/\/przedszkole5.edu.wroclaw.pl\/index.php\/wp-json\/wp\/v2\/pages"}],"about":[{"href":"https:\/\/przedszkole5.edu.wroclaw.pl\/index.php\/wp-json\/wp\/v2\/types\/page"}],"author":[{"embeddable":true,"href":"https:\/\/przedszkole5.edu.wroclaw.pl\/index.php\/wp-json\/wp\/v2\/users\/15"}],"replies":[{"embeddable":true,"href":"https:\/\/przedszkole5.edu.wroclaw.pl\/index.php\/wp-json\/wp\/v2\/comments?post=3634"}],"version-history":[{"count":200,"href":"https:\/\/przedszkole5.edu.wroclaw.pl\/index.php\/wp-json\/wp\/v2\/pages\/3634\/revisions"}],"predecessor-version":[{"id":8673,"href":"https:\/\/przedszkole5.edu.wroclaw.pl\/index.php\/wp-json\/wp\/v2\/pages\/3634\/revisions\/8673"}],"up":[{"embeddable":true,"href":"https:\/\/przedszkole5.edu.wroclaw.pl\/index.php\/wp-json\/wp\/v2\/pages\/1649"}],"wp:attachment":[{"href":"https:\/\/przedszkole5.edu.wroclaw.pl\/index.php\/wp-json\/wp\/v2\/media?parent=3634"}],"curies":[{"name":"wp","href":"https:\/\/api.w.org\/{rel}","templated":true}]}}