
{"id":3628,"date":"2020-09-21T11:58:10","date_gmt":"2020-09-21T09:58:10","guid":{"rendered":"https:\/\/przedszkole5.edu.wroclaw.pl\/?page_id=3628"},"modified":"2026-04-01T21:28:07","modified_gmt":"2026-04-01T19:28:07","slug":"grupa-iv","status":"publish","type":"page","link":"https:\/\/przedszkole5.edu.wroclaw.pl\/index.php\/zostan-w-domu\/grupa-iv\/","title":{"rendered":"Grupa IV &#8211; Zdrowisie"},"content":{"rendered":"<div class=\"wpb-content-wrapper\"><p>[vc_row][vc_column][vc_column_text css=&#8221;&#8221;]<strong><span style=\"font-family: georgia, palatino;font-size: 18pt\">Kwiecie\u0144 2026<\/span><\/strong><\/p>\n<p><strong>Tydzie\u0144 1: \u201eWielkanoc\u201d<\/strong><\/p>\n<p><strong>Dziecko:<\/strong><\/p>\n<p>&#8211; poznaje tradycje i zwyczaje zwi\u0105zane z Wielkanoc\u0105 (III, p. 6*)<\/p>\n<p>&#8211; rozwija umiej\u0119tno\u015b\u0107 wypowiadania si\u0119 w grupie i poszerza s\u0142ownictwo (IV, p. 6)<\/p>\n<p>&#8211; rozwija koordynacj\u0119 wzrokowo-ruchow\u0105 poprzez r\u00f3\u017cnorodne dzia\u0142ania plastyczne<br \/>\n(I, p. 9)<\/p>\n<p>&#8211; rozwija umiej\u0119tno\u015bci przeliczania (IV, p. 15)<\/p>\n<p>&nbsp;<\/p>\n<p><strong>Tydzie\u0144 2: \u201eWiosna na wsi\u201d<\/strong><\/p>\n<p><strong>Dziecko:<\/strong><\/p>\n<p>&#8211; wzbogaca wiedz\u0119 na temat zwierz\u0105t z wiejskiego podw\u00f3rka i pracy rolnika<br \/>\n(IV, p. 18)<\/p>\n<p>&#8211; rozwija logiczne my\u015blenie i wnioskowanie poprzez uk\u0142adanie historyjek<br \/>\nobrazkowych (IV, p. 5)<\/p>\n<p>&#8211; rozwija sprawno\u015b\u0107 ruchow\u0105 poprzez zabawy na \u015bwie\u017cym powietrzu (I, p. 5)<\/p>\n<p>&#8211; doskonali dykcj\u0119 poprzez \u0107wiczenia oddechowe i artykulacyjne (IV, p. 2)<\/p>\n<p>&nbsp;<\/p>\n<p><strong>Tydzie\u0144 3: \u201ePuk, puk, to ja, sztuka\u201d<\/strong><\/p>\n<p><strong>Dziecko:<\/strong><\/p>\n<p>&#8211; rozbudza zainteresowanie sztuk\u0105 (IV, p. 1)<\/p>\n<p>&#8211; poznaje miejsca takie jak teatr, muzeum, filharmonia oraz zasady kulturalnego<br \/>\nzachowania (III, p. 5)<\/p>\n<p>&#8211; doskonali percepcj\u0119 wzrokow\u0105 poprzez dostrzeganie r\u00f3\u017cnic i podobie\u0144stw (III, p. 8)<\/p>\n<p>&#8211; rozwija percepcj\u0119 s\u0142uchow\u0105 i poczucie rytmu (IV, p. 7)<\/p>\n<p>&nbsp;<\/p>\n<p><strong>Tydzie\u0144 4: Projekt \u201eKsi\u0105\u017cki ucz\u0105 i bawi\u0105\u201d<\/strong><\/p>\n<p><strong>Dziecko:<\/strong><\/p>\n<p>&#8211; rozwija wra\u017cliwo\u015b\u0107 sensoryczn\u0105 oraz sprawno\u015b\u0107 manualn\u0105 poprzez obcowanie<br \/>\nz r\u00f3\u017cnorodnymi materia\u0142ami (I, p. 7)<\/p>\n<p>&#8211; doskonali umiej\u0119tno\u015b\u0107 skupienia uwagi i odpowiadania na pytania (IV, p. 5)<\/p>\n<p>&#8211; rozwija empati\u0119 i poczucie w\u0142asnej warto\u015bci (III, p. 1)<\/p>\n<p>&#8211; rozwija wyobra\u017ani\u0119 i kreatywno\u015b\u0107 (IV, p. 3)<\/p>\n<p><strong>\u00a0<\/strong><\/p>\n<p><strong>Tydzie\u0144 5: Projekt \u201ePolska, moja ojczyzna\u201d<\/strong><\/p>\n<p><strong>Dziecko:<\/strong><\/p>\n<p>&#8211; utrwala wiadomo\u015bci na temat Polski i \u015bwi\u0105t pa\u0144stwowych (IV, p. 10)<\/p>\n<p>&#8211; rozwija umiej\u0119tno\u015b\u0107 okre\u015blenia nast\u0119pstwa czasu (IV, p. 16)<\/p>\n<p>&#8211; doskonali umiej\u0119tno\u015b\u0107 klasyfikowania wed\u0142ug wybranej cechy (IV, p. 12)<\/p>\n<p>&#8211; kszta\u0142tuje prawid\u0142ow\u0105 postaw\u0119 cia\u0142a poprzez \u0107wiczenia fizyczne (I, p. 8)<\/p>\n<p>&nbsp;<\/p>\n<p>* realizowane punkty podstawy programowej wychowania przedszkolnego<\/p>\n<p><strong>\u00a0<\/strong><\/p>\n<p><strong>Wiersz \u201eMagia muzyki\u201d<\/strong><\/p>\n<p>(B. Szel\u0105gowska)<\/p>\n<p>Filharmonia to jest miejsce!<\/p>\n<p>Jak tu pi\u0119knie, wyj\u0105tkowo!<\/p>\n<p>Na widowni mn\u00f3stwo os\u00f3b.<\/p>\n<p>Chyba z tysi\u0105c \u2013 daj\u0119 s\u0142owo.<\/p>\n<p>Wszyscy patrz\u0105 si\u0119 na scen\u0119,<\/p>\n<p>gdy unosi si\u0119 kurtyna.<\/p>\n<p>S\u0105 dyrygent i orkiestra,<\/p>\n<p>w\u0142a\u015bnie koncert si\u0119 zaczyna!<\/p>\n<p>Graj\u0105 flety, kontrabasy,<\/p>\n<p>rogi, tr\u0105bki i puzony\u2026<\/p>\n<p>Nie brakuje tak\u017ce b\u0119bn\u00f3w!<\/p>\n<p>Ka\u017cdy s\u0142ucha zachwycony.<\/p>\n<p>Nagle wielkie poruszenie,<\/p>\n<p>bo zacz\u0119li wszyscy wstawa\u0107.<\/p>\n<p>To ju\u017c koniec? Jaka szkoda!<\/p>\n<p>Z rodzicami bij\u0119 brawa.<\/p>\n<p>I cho\u0107 id\u0119 ju\u017c ulic\u0105,<\/p>\n<p>filharmonia z oczu znika,<\/p>\n<p>wci\u0105\u017c melodi\u0119 czuj\u0119 w sercu.<\/p>\n<p>Taka w\u0142a\u015bnie jest muzyka!<\/p>\n<p><strong>\u00a0<\/strong><\/p>\n<p><strong>\u00a0<\/strong><\/p>\n<p><strong>\u00a0<\/strong><\/p>\n<p><strong>\u00a0<\/strong><\/p>\n<p><strong>\u00a0<\/strong><\/p>\n<p><strong>\u00a0<\/strong><\/p>\n<p><strong>Piosenka \u201eK\u0142\u00f3tnia w koszyku\u201d <\/strong><\/p>\n<p>(s\u0142. i muz. U. Paku\u0142a)<\/p>\n<p><strong>\u00a0<\/strong><\/p>\n<p>Pos\u0142uchajcie tylko, ile by\u0142o krzyku<\/p>\n<p>Gdy si\u0119 pok\u0142\u00f3ci\u0142y zwierz\u0105tka w koszyku<\/p>\n<p>\u017b\u00f3\u0142ciutkie kurcz\u0105tko, bielutki baranek<\/p>\n<p>Br\u0105zowy zaj\u0105czek i kilka pisanek<\/p>\n<p>&nbsp;<\/p>\n<p>Ref.: Kurcz\u0105tko piszczy pi pi pi<\/p>\n<p>Baranek beczy be be be<\/p>\n<p>Zaj\u0105czek skacze kic kic kic<\/p>\n<p>Pisanki weso\u0142o \u015bmiej\u0105 si\u0119<\/p>\n<p>&nbsp;<\/p>\n<p>\u017b\u00f3\u0142ciutki kurczaczek macha skrzyde\u0142kami<\/p>\n<p>Jestem najpi\u0119kniejszy, przyznajcie to sami<\/p>\n<p>Mam czerwony dziobek i czerwone n\u00f3\u017cki<\/p>\n<p>Faluj\u0105ce pi\u00f3rka, tak jak u papu\u017cki<\/p>\n<p>&nbsp;<\/p>\n<p>Co ty opowiadasz \u2013 dziwi si\u0119 baranek<\/p>\n<p>Jestem ca\u0142y z cukru, mam cukrow\u0105 mam\u0119<\/p>\n<p>Dzieci na m\u00f3j widok bardzo si\u0119 raduj\u0105<\/p>\n<p>I z mojego grzbietu cukier oblizuj\u0105<\/p>\n<p>&nbsp;<\/p>\n<p>Br\u0105zowy zaj\u0105czek \u015bmieje si\u0119 weso\u0142o<\/p>\n<p>Jestem z czekolady \u2013 opowiada w ko\u0142o<\/p>\n<p>W\u0142a\u015bnie mnie najbardziej uwielbiaj\u0105 dzieci<\/p>\n<p>Ju\u017c na sam m\u00f3j widok dzieciom \u015blinka leci<\/p>\n<p>&nbsp;<\/p>\n<p>Dlaczego tak g\u0142o\u015bno k\u0142\u00f3c\u0105 si\u0119 zwierz\u0105tka<\/p>\n<p>Dziwi si\u0119 pisanka zielona jak \u0142\u0105ka<\/p>\n<p>Dziwi\u0105 si\u0119 pisanki \u017c\u00f3\u0142te i czerwone<\/p>\n<p>R\u00f3\u017cowe, br\u0105zowe, szare posrebrzone<\/p>\n<p>&nbsp;<\/p>\n<p>&nbsp;<\/p>\n<p>&nbsp;<\/p>\n<p>[\/vc_column_text][\/vc_column][\/vc_row]<\/p>\n<\/div>","protected":false},"excerpt":{"rendered":"<p>[vc_row][vc_column][vc_column_text css=&#8221;&#8221;]Kwiecie\u0144 2026 Tydzie\u0144 1: \u201eWielkanoc\u201d Dziecko: &#8211; poznaje tradycje i zwyczaje zwi\u0105zane z Wielkanoc\u0105 (III, p. 6*) &#8211; rozwija umiej\u0119tno\u015b\u0107 wypowiadania si\u0119 w grupie i poszerza s\u0142ownictwo (IV, p. [&hellip;]<\/p>\n","protected":false},"author":15,"featured_media":0,"parent":1649,"menu_order":0,"comment_status":"closed","ping_status":"closed","template":"","meta":{"ngg_post_thumbnail":0,"footnotes":""},"class_list":["post-3628","page","type-page","status-publish","hentry","clearfix"],"_links":{"self":[{"href":"https:\/\/przedszkole5.edu.wroclaw.pl\/index.php\/wp-json\/wp\/v2\/pages\/3628","targetHints":{"allow":["GET"]}}],"collection":[{"href":"https:\/\/przedszkole5.edu.wroclaw.pl\/index.php\/wp-json\/wp\/v2\/pages"}],"about":[{"href":"https:\/\/przedszkole5.edu.wroclaw.pl\/index.php\/wp-json\/wp\/v2\/types\/page"}],"author":[{"embeddable":true,"href":"https:\/\/przedszkole5.edu.wroclaw.pl\/index.php\/wp-json\/wp\/v2\/users\/15"}],"replies":[{"embeddable":true,"href":"https:\/\/przedszkole5.edu.wroclaw.pl\/index.php\/wp-json\/wp\/v2\/comments?post=3628"}],"version-history":[{"count":191,"href":"https:\/\/przedszkole5.edu.wroclaw.pl\/index.php\/wp-json\/wp\/v2\/pages\/3628\/revisions"}],"predecessor-version":[{"id":8593,"href":"https:\/\/przedszkole5.edu.wroclaw.pl\/index.php\/wp-json\/wp\/v2\/pages\/3628\/revisions\/8593"}],"up":[{"embeddable":true,"href":"https:\/\/przedszkole5.edu.wroclaw.pl\/index.php\/wp-json\/wp\/v2\/pages\/1649"}],"wp:attachment":[{"href":"https:\/\/przedszkole5.edu.wroclaw.pl\/index.php\/wp-json\/wp\/v2\/media?parent=3628"}],"curies":[{"name":"wp","href":"https:\/\/api.w.org\/{rel}","templated":true}]}}

<div class="wpb-content-wrapper"><p>[vc_row][vc_column][vc_column_text css=&#8221;&#8221;]<strong><span style="font-family: georgia, palatino;font-size: 18pt">Kwiecień 2026</span></strong></p>
<p><strong>Tydzień 1: „Wielkanoc”</strong></p>
<p><strong>Dziecko:</strong></p>
<p>&#8211; poznaje tradycje i zwyczaje związane z Wielkanocą (III, p. 6*)</p>
<p>&#8211; rozwija umiejętność wypowiadania się w grupie i poszerza słownictwo (IV, p. 6)</p>
<p>&#8211; rozwija koordynację wzrokowo-ruchową poprzez różnorodne działania plastyczne<br />
(I, p. 9)</p>
<p>&#8211; rozwija umiejętności przeliczania (IV, p. 15)</p>
<p>&nbsp;</p>
<p><strong>Tydzień 2: „Wiosna na wsi”</strong></p>
<p><strong>Dziecko:</strong></p>
<p>&#8211; wzbogaca wiedzę na temat zwierząt z wiejskiego podwórka i pracy rolnika<br />
(IV, p. 18)</p>
<p>&#8211; rozwija logiczne myślenie i wnioskowanie poprzez układanie historyjek<br />
obrazkowych (IV, p. 5)</p>
<p>&#8211; rozwija sprawność ruchową poprzez zabawy na świeżym powietrzu (I, p. 5)</p>
<p>&#8211; doskonali dykcję poprzez ćwiczenia oddechowe i artykulacyjne (IV, p. 2)</p>
<p>&nbsp;</p>
<p><strong>Tydzień 3: „Puk, puk, to ja, sztuka”</strong></p>
<p><strong>Dziecko:</strong></p>
<p>&#8211; rozbudza zainteresowanie sztuką (IV, p. 1)</p>
<p>&#8211; poznaje miejsca takie jak teatr, muzeum, filharmonia oraz zasady kulturalnego<br />
zachowania (III, p. 5)</p>
<p>&#8211; doskonali percepcję wzrokową poprzez dostrzeganie różnic i podobieństw (III, p. 8)</p>
<p>&#8211; rozwija percepcję słuchową i poczucie rytmu (IV, p. 7)</p>
<p>&nbsp;</p>
<p><strong>Tydzień 4: Projekt „Książki uczą i bawią”</strong></p>
<p><strong>Dziecko:</strong></p>
<p>&#8211; rozwija wrażliwość sensoryczną oraz sprawność manualną poprzez obcowanie<br />
z różnorodnymi materiałami (I, p. 7)</p>
<p>&#8211; doskonali umiejętność skupienia uwagi i odpowiadania na pytania (IV, p. 5)</p>
<p>&#8211; rozwija empatię i poczucie własnej wartości (III, p. 1)</p>
<p>&#8211; rozwija wyobraźnię i kreatywność (IV, p. 3)</p>
<p><strong> </strong></p>
<p><strong>Tydzień 5: Projekt „Polska, moja ojczyzna”</strong></p>
<p><strong>Dziecko:</strong></p>
<p>&#8211; utrwala wiadomości na temat Polski i świąt państwowych (IV, p. 10)</p>
<p>&#8211; rozwija umiejętność określenia następstwa czasu (IV, p. 16)</p>
<p>&#8211; doskonali umiejętność klasyfikowania według wybranej cechy (IV, p. 12)</p>
<p>&#8211; kształtuje prawidłową postawę ciała poprzez ćwiczenia fizyczne (I, p. 8)</p>
<p>&nbsp;</p>
<p>* realizowane punkty podstawy programowej wychowania przedszkolnego</p>
<p><strong> </strong></p>
<p><strong>Wiersz „Magia muzyki”</strong></p>
<p>(B. Szelągowska)</p>
<p>Filharmonia to jest miejsce!</p>
<p>Jak tu pięknie, wyjątkowo!</p>
<p>Na widowni mnóstwo osób.</p>
<p>Chyba z tysiąc – daję słowo.</p>
<p>Wszyscy patrzą się na scenę,</p>
<p>gdy unosi się kurtyna.</p>
<p>Są dyrygent i orkiestra,</p>
<p>właśnie koncert się zaczyna!</p>
<p>Grają flety, kontrabasy,</p>
<p>rogi, trąbki i puzony…</p>
<p>Nie brakuje także bębnów!</p>
<p>Każdy słucha zachwycony.</p>
<p>Nagle wielkie poruszenie,</p>
<p>bo zaczęli wszyscy wstawać.</p>
<p>To już koniec? Jaka szkoda!</p>
<p>Z rodzicami biję brawa.</p>
<p>I choć idę już ulicą,</p>
<p>filharmonia z oczu znika,</p>
<p>wciąż melodię czuję w sercu.</p>
<p>Taka właśnie jest muzyka!</p>
<p><strong> </strong></p>
<p><strong> </strong></p>
<p><strong> </strong></p>
<p><strong> </strong></p>
<p><strong> </strong></p>
<p><strong> </strong></p>
<p><strong>Piosenka „Kłótnia w koszyku” </strong></p>
<p>(sł. i muz. U. Pakuła)</p>
<p><strong> </strong></p>
<p>Posłuchajcie tylko, ile było krzyku</p>
<p>Gdy się pokłóciły zwierzątka w koszyku</p>
<p>Żółciutkie kurczątko, bielutki baranek</p>
<p>Brązowy zajączek i kilka pisanek</p>
<p>&nbsp;</p>
<p>Ref.: Kurczątko piszczy pi pi pi</p>
<p>Baranek beczy be be be</p>
<p>Zajączek skacze kic kic kic</p>
<p>Pisanki wesoło śmieją się</p>
<p>&nbsp;</p>
<p>Żółciutki kurczaczek macha skrzydełkami</p>
<p>Jestem najpiękniejszy, przyznajcie to sami</p>
<p>Mam czerwony dziobek i czerwone nóżki</p>
<p>Falujące piórka, tak jak u papużki</p>
<p>&nbsp;</p>
<p>Co ty opowiadasz – dziwi się baranek</p>
<p>Jestem cały z cukru, mam cukrową mamę</p>
<p>Dzieci na mój widok bardzo się radują</p>
<p>I z mojego grzbietu cukier oblizują</p>
<p>&nbsp;</p>
<p>Brązowy zajączek śmieje się wesoło</p>
<p>Jestem z czekolady – opowiada w koło</p>
<p>Właśnie mnie najbardziej uwielbiają dzieci</p>
<p>Już na sam mój widok dzieciom ślinka leci</p>
<p>&nbsp;</p>
<p>Dlaczego tak głośno kłócą się zwierzątka</p>
<p>Dziwi się pisanka zielona jak łąka</p>
<p>Dziwią się pisanki żółte i czerwone</p>
<p>Różowe, brązowe, szare posrebrzone</p>
<p>&nbsp;</p>
<p>&nbsp;</p>
<p>&nbsp;</p>
<p>[/vc_column_text][/vc_column][/vc_row]</p>
</div>

<p>[vc_row][vc_column][vc_column_text css=&#8221;&#8221;]Kwiecień 2026 Tydzień 1: „Wielkanoc” Dziecko: &#8211; poznaje tradycje i zwyczaje związane z Wielkanocą (III, p. 6*) &#8211; rozwija umiejętność wypowiadania się w grupie i poszerza słownictwo (IV, p. [&hellip;]</p>
