
{"id":3626,"date":"2020-09-21T11:57:43","date_gmt":"2020-09-21T09:57:43","guid":{"rendered":"https:\/\/przedszkole5.edu.wroclaw.pl\/?page_id=3626"},"modified":"2026-03-28T17:32:57","modified_gmt":"2026-03-28T16:32:57","slug":"grupa-iii","status":"publish","type":"page","link":"https:\/\/przedszkole5.edu.wroclaw.pl\/index.php\/zostan-w-domu\/grupa-iii\/","title":{"rendered":"Grupa III &#8211; Weso\u0142ki"},"content":{"rendered":"<div class=\"wpb-content-wrapper\"><p>[vc_row][vc_column][vc_column_text css=&#8221;&#8221;]<span style=\"font-family: georgia, palatino;font-size: 18pt\"><strong>Kwiecie\u0144 2026<\/strong><\/span><\/p>\n<p>Tematyka kompleksowa:<\/p>\n<ol>\n<li><strong>Wielkanocne harce.<\/strong><\/li>\n<\/ol>\n<ul>\n<li>poznawanie tradycji i zwyczaj\u00f3w zwi\u0105zanych z Wielkanoc\u0105 \u2013 o. 4, p. 9, 10; o. 3, p. 2, 6, 7;<\/li>\n<li>wyja\u015bnianie r\u00f3\u017cnic mi\u0119dzy pisank\u0105 a kraszank\u0105 \u2013 o. 4, p. 2, 5;<\/li>\n<li>poznawanie budowy jajka, wskazywanie zwierz\u0105t, kt\u00f3re sk\u0142adaj\u0105 jaja, udzia\u0142 w zabawach badawczych z wykorzystaniem jajek \u2013 o. 4, p. 18, 19;<\/li>\n<\/ul>\n<p>&nbsp;<\/p>\n<ol>\n<li><strong>Z ksi\u0105\u017ck\u0105 za pan brat.<\/strong><\/li>\n<\/ol>\n<ul>\n<li>poszerzanie s\u0142ownictwa zwi\u0105zanego z tematyk\u0105 powstawania ksi\u0105\u017cki, czytelnictwem- o. 4, p. 5, 20;<\/li>\n<li>poznanie zasad korzystania i zachowania si\u0119 w bibliotece \u2013 o. 4, p. 2, 5; o. 3, p. 5, 7, 8;<\/li>\n<li>kszta\u0142towanie umiej\u0119tno\u015bci wypowiadania si\u0119 na okre\u015blony temat np. o swoich ulubionych ksi\u0105\u017ckach, bohaterach \u2013 o. 4, p. 2, 3; o. 3, p. 8;<\/li>\n<\/ul>\n<p>&nbsp;<\/p>\n<ul>\n<li><\/li>\n<li>rozbudzanie zainteresowa\u0144 kosmosem, budow\u0105 uk\u0142adu s\u0142onecznego, wiedz\u0105 na temat planet, lot\u00f3w w kosmos \u2013 o. 4, p. 11, 12, 18;<\/li>\n<li>doskonalenie orientacji w przestrzeni wzgl\u0119dem siebie i wzgl\u0119dem innych os\u00f3b i przedmiot\u00f3w \u2013 o. 4, p. 14;<\/li>\n<li>doskonalenie umiej\u0119tno\u015bci przeliczania o. 4, p. 15;<\/li>\n<li>por\u00f3wnywanie wielko\u015bci i odleg\u0142o\u015bci, mierzenie odleg\u0142o\u015bci za pomoc\u0105 sznurka, stopy, \u0142okcia itp. \u2013 o. 4, p. 13;<\/li>\n<\/ul>\n<ol>\n<li><strong>Ziemia \u2013 moja planeta.<\/strong><\/li>\n<\/ol>\n<ul>\n<li>poszerzanie wiadomo\u015bci o zagro\u017ceniach dla przyrody wynikaj\u0105cych z rozwoju cywilizacji i dzia\u0142alno\u015bci cz\u0142owieka \u2013 wskazywanie \u017ar\u00f3de\u0142 zanieczyszczenia wody, powietrza, zagro\u017cenia wynikaj\u0105ce z nadmiernego ha\u0142asu \u2013 odr\u00f3\u017cnianie zachowa\u0144 dobrych i z\u0142ych \u2013 o. 4, p.18; o. 2, p. 11;<\/li>\n<li>kszta\u0142towanie postaw proekologicznych &#8211; kszta\u0142towanie umiej\u0119tno\u015bci segregowania \u015bmieci \u2013 o. 4 , p. 2, 5, 18;<\/li>\n<li>zapoznanie z poj\u0119ciami: \u201erecykling\u201d, \u201ekompostowanie\u201d \u2013 o. 4, p. 2, 18; o. 1, p. 6;<\/li>\n<\/ul>\n<p>&nbsp;<\/p>\n<ol>\n<li><strong>Ba\u0142o \u2013 czerwony maj.<\/strong><\/li>\n<\/ol>\n<ul>\n<li>om\u00f3wienie geograficznego po\u0142o\u017cenia Polski, utrwalanie i wskazywanie na mapie du\u017cych miast, rzek, g\u00f3r i morza \u2013 o. 4, p. 18;<\/li>\n<li>wdra\u017canie do postawy poszanowania symboli narodowych: flaga, god\u0142o, hymn o. 4, p.10;<\/li>\n<li>kszta\u0142towanie \u015bwiadomo\u015bci przynale\u017cno\u015bci spo\u0142ecznej i terytorialnej: moja rodzina, miasto, region, kraj \u2013 o. 3, p. 2, 3;<\/li>\n<\/ul>\n<p>&nbsp;<\/p>\n<p>&nbsp;<\/p>\n<p><em>\u00a0<\/em><\/p>\n<p><strong>Ekologa znak<\/strong><\/p>\n<ol>\n<li>Niech zieleni si\u0119 przyroda<\/li>\n<\/ol>\n<p>bo w przyrodzie tlen i woda<\/p>\n<p>Chc\u0119 by wszystko kwit\u0142o, \u017cy\u0142o<\/p>\n<p>by powietrze czyste by\u0142o<\/p>\n<p>Ref. Auto \u2013 nie, rower \u2013 tak<\/p>\n<p>Ekologa to jest znak<\/p>\n<p>Auto \u2013 nie, rower \u2013 tak<\/p>\n<p>Ekologa to jest znak<\/p>\n<p>Auto \u2013 nie, rower \u2013 tak<\/p>\n<p>Ekologa to jest znak<\/p>\n<p>Auto \u2013 nie, rower \u2013 tak<\/p>\n<p>Ekologa to jest znak<\/p>\n<ol start=\"2\">\n<li>Nie chc\u0119 spalin, nie chc\u0119 dymu<\/li>\n<\/ol>\n<p>I w powietrzu nie chc\u0119 py\u0142u<\/p>\n<p>Nie chc\u0119 chemii w mym ogrodzie<\/p>\n<p>Ja z przyrod\u0105 chc\u0119 \u017cy\u0107 w zgodzie<\/p>\n<p>Ref.: Auto \u2013 nie, rower \u2013 tak<\/p>\n<p>Ekologa to jest znak\u2026<\/p>\n<p>&nbsp;<\/p>\n<p>&nbsp;<\/p>\n<p><em>\u00a0<\/em><\/p>\n<p><em>\u00a0<\/em><\/p>\n<p>&nbsp;<\/p>\n<p><strong>Nasza ojczyzna<\/strong>.<\/p>\n<p>&nbsp;<\/p>\n<p>W Polsce jest morze, s\u0105 g\u00f3ry, jeziora<\/p>\n<p>lasy i \u0142\u0105ki, sady i pola.<\/p>\n<p>I du\u017ce miasta, i ma\u0142e wioski<\/p>\n<p>&#8211; to krajobraz naszej pi\u0119knej Polski.<\/p>\n<p>Znamy legendy o Gnie\u017anie, Krakowie.<\/p>\n<p>Wiemy, jak \u015bpiewa\u0107 hymn narodowy,<\/p>\n<p>\u017ce Orze\u0142 Bia\u0142y jest w polskim herbie,<\/p>\n<p>a na naszej fladze biel jest i czerwie\u0144.<\/p>\n<p>Polska to nasza ojczyzna &#8211; my jeste\u015bmy Polakami.<\/p>\n<p>I jeste\u015bmy dumni, \u017ce w takim kraju mieszkamy.<\/p>\n<p>&nbsp;<\/p>\n<p>[\/vc_column_text][\/vc_column][\/vc_row]<\/p>\n<\/div>","protected":false},"excerpt":{"rendered":"<p>[vc_row][vc_column][vc_column_text css=&#8221;&#8221;]Kwiecie\u0144 2026 Tematyka kompleksowa: Wielkanocne harce. poznawanie tradycji i zwyczaj\u00f3w zwi\u0105zanych z Wielkanoc\u0105 \u2013 o. 4, p. 9, 10; o. 3, p. 2, 6, 7; wyja\u015bnianie r\u00f3\u017cnic mi\u0119dzy pisank\u0105 [&hellip;]<\/p>\n","protected":false},"author":15,"featured_media":0,"parent":1649,"menu_order":0,"comment_status":"closed","ping_status":"closed","template":"","meta":{"ngg_post_thumbnail":0,"footnotes":""},"class_list":["post-3626","page","type-page","status-publish","hentry","clearfix"],"_links":{"self":[{"href":"https:\/\/przedszkole5.edu.wroclaw.pl\/index.php\/wp-json\/wp\/v2\/pages\/3626","targetHints":{"allow":["GET"]}}],"collection":[{"href":"https:\/\/przedszkole5.edu.wroclaw.pl\/index.php\/wp-json\/wp\/v2\/pages"}],"about":[{"href":"https:\/\/przedszkole5.edu.wroclaw.pl\/index.php\/wp-json\/wp\/v2\/types\/page"}],"author":[{"embeddable":true,"href":"https:\/\/przedszkole5.edu.wroclaw.pl\/index.php\/wp-json\/wp\/v2\/users\/15"}],"replies":[{"embeddable":true,"href":"https:\/\/przedszkole5.edu.wroclaw.pl\/index.php\/wp-json\/wp\/v2\/comments?post=3626"}],"version-history":[{"count":190,"href":"https:\/\/przedszkole5.edu.wroclaw.pl\/index.php\/wp-json\/wp\/v2\/pages\/3626\/revisions"}],"predecessor-version":[{"id":8589,"href":"https:\/\/przedszkole5.edu.wroclaw.pl\/index.php\/wp-json\/wp\/v2\/pages\/3626\/revisions\/8589"}],"up":[{"embeddable":true,"href":"https:\/\/przedszkole5.edu.wroclaw.pl\/index.php\/wp-json\/wp\/v2\/pages\/1649"}],"wp:attachment":[{"href":"https:\/\/przedszkole5.edu.wroclaw.pl\/index.php\/wp-json\/wp\/v2\/media?parent=3626"}],"curies":[{"name":"wp","href":"https:\/\/api.w.org\/{rel}","templated":true}]}}

Grupa III &#8211; Wesołki

<div class="wpb-content-wrapper"><p>[vc_row][vc_column][vc_column_text css=&#8221;&#8221;]<span style="font-family: georgia, palatino;font-size: 18pt"><strong>Kwiecień 2026</strong></span></p>
<p>Tematyka kompleksowa:</p>
<ol>
<li><strong>Wielkanocne harce.</strong></li>
</ol>
<ul>
<li>poznawanie tradycji i zwyczajów związanych z Wielkanocą – o. 4, p. 9, 10; o. 3, p. 2, 6, 7;</li>
<li>wyjaśnianie różnic między pisanką a kraszanką – o. 4, p. 2, 5;</li>
<li>poznawanie budowy jajka, wskazywanie zwierząt, które składają jaja, udział w zabawach badawczych z wykorzystaniem jajek – o. 4, p. 18, 19;</li>
</ul>
<p>&nbsp;</p>
<ol>
<li><strong>Z książką za pan brat.</strong></li>
</ol>
<ul>
<li>poszerzanie słownictwa związanego z tematyką powstawania książki, czytelnictwem- o. 4, p. 5, 20;</li>
<li>poznanie zasad korzystania i zachowania się w bibliotece – o. 4, p. 2, 5; o. 3, p. 5, 7, 8;</li>
<li>kształtowanie umiejętności wypowiadania się na określony temat np. o swoich ulubionych książkach, bohaterach – o. 4, p. 2, 3; o. 3, p. 8;</li>
</ul>
<p>&nbsp;</p>
<ul>
<li></li>
<li>rozbudzanie zainteresowań kosmosem, budową układu słonecznego, wiedzą na temat planet, lotów w kosmos – o. 4, p. 11, 12, 18;</li>
<li>doskonalenie orientacji w przestrzeni względem siebie i względem innych osób i przedmiotów – o. 4, p. 14;</li>
<li>doskonalenie umiejętności przeliczania o. 4, p. 15;</li>
<li>porównywanie wielkości i odległości, mierzenie odległości za pomocą sznurka, stopy, łokcia itp. – o. 4, p. 13;</li>
</ul>
<ol>
<li><strong>Ziemia – moja planeta.</strong></li>
</ol>
<ul>
<li>poszerzanie wiadomości o zagrożeniach dla przyrody wynikających z rozwoju cywilizacji i działalności człowieka – wskazywanie źródeł zanieczyszczenia wody, powietrza, zagrożenia wynikające z nadmiernego hałasu – odróżnianie zachowań dobrych i złych – o. 4, p.18; o. 2, p. 11;</li>
<li>kształtowanie postaw proekologicznych &#8211; kształtowanie umiejętności segregowania śmieci – o. 4 , p. 2, 5, 18;</li>
<li>zapoznanie z pojęciami: „recykling”, „kompostowanie” – o. 4, p. 2, 18; o. 1, p. 6;</li>
</ul>
<p>&nbsp;</p>
<ol>
<li><strong>Bało – czerwony maj.</strong></li>
</ol>
<ul>
<li>omówienie geograficznego położenia Polski, utrwalanie i wskazywanie na mapie dużych miast, rzek, gór i morza – o. 4, p. 18;</li>
<li>wdrażanie do postawy poszanowania symboli narodowych: flaga, godło, hymn o. 4, p.10;</li>
<li>kształtowanie świadomości przynależności społecznej i terytorialnej: moja rodzina, miasto, region, kraj – o. 3, p. 2, 3;</li>
</ul>
<p>&nbsp;</p>
<p>&nbsp;</p>
<p><em> </em></p>
<p><strong>Ekologa znak</strong></p>
<ol>
<li>Niech zieleni się przyroda</li>
</ol>
<p>bo w przyrodzie tlen i woda</p>
<p>Chcę by wszystko kwitło, żyło</p>
<p>by powietrze czyste było</p>
<p>Ref. Auto – nie, rower – tak</p>
<p>Ekologa to jest znak</p>
<p>Auto – nie, rower – tak</p>
<p>Ekologa to jest znak</p>
<p>Auto – nie, rower – tak</p>
<p>Ekologa to jest znak</p>
<p>Auto – nie, rower – tak</p>
<p>Ekologa to jest znak</p>
<ol start="2">
<li>Nie chcę spalin, nie chcę dymu</li>
</ol>
<p>I w powietrzu nie chcę pyłu</p>
<p>Nie chcę chemii w mym ogrodzie</p>
<p>Ja z przyrodą chcę żyć w zgodzie</p>
<p>Ref.: Auto – nie, rower – tak</p>
<p>Ekologa to jest znak…</p>
<p>&nbsp;</p>
<p>&nbsp;</p>
<p><em> </em></p>
<p><em> </em></p>
<p>&nbsp;</p>
<p><strong>Nasza ojczyzna</strong>.</p>
<p>&nbsp;</p>
<p>W Polsce jest morze, są góry, jeziora</p>
<p>lasy i łąki, sady i pola.</p>
<p>I duże miasta, i małe wioski</p>
<p>&#8211; to krajobraz naszej pięknej Polski.</p>
<p>Znamy legendy o Gnieźnie, Krakowie.</p>
<p>Wiemy, jak śpiewać hymn narodowy,</p>
<p>że Orzeł Biały jest w polskim herbie,</p>
<p>a na naszej fladze biel jest i czerwień.</p>
<p>Polska to nasza ojczyzna &#8211; my jesteśmy Polakami.</p>
<p>I jesteśmy dumni, że w takim kraju mieszkamy.</p>
<p>&nbsp;</p>
<p>[/vc_column_text][/vc_column][/vc_row]</p>
</div>

<p>[vc_row][vc_column][vc_column_text css=&#8221;&#8221;]Kwiecień 2026 Tematyka kompleksowa: Wielkanocne harce. poznawanie tradycji i zwyczajów związanych z Wielkanocą – o. 4, p. 9, 10; o. 3, p. 2, 6, 7; wyjaśnianie różnic między pisanką [&hellip;]</p>
