
{"id":180,"date":"2017-03-09T09:00:29","date_gmt":"2017-03-09T08:00:29","guid":{"rendered":"https:\/\/przedszkole5.edu.wroclaw.pl\/?page_id=180"},"modified":"2025-09-16T12:09:09","modified_gmt":"2025-09-16T10:09:09","slug":"rada-rodzicow","status":"publish","type":"page","link":"https:\/\/przedszkole5.edu.wroclaw.pl\/index.php\/dla-opiekunow\/rada-rodzicow\/","title":{"rendered":"Rada rodzic\u00f3w"},"content":{"rendered":"<div class=\"wpb-content-wrapper\"><p>[vc_row][vc_column][vc_column_text css=&#8221;&#8221;]<span style=\"font-family: georgia, palatino;font-size: 12pt\"><strong>RADA RODZIC\u00d3W PRZEDSZKOLA NR 5 <\/strong><\/span><span style=\"font-family: georgia, palatino;font-size: 12pt\"><strong>W ROKU SZKOLNYM 2025\/2026<\/strong><\/span><\/p>\n<p><span style=\"font-family: georgia, palatino;font-size: 12pt\"><strong>Sk\u0142ad Zarz\u0105du Rady Rodzic\u00f3w:<\/strong><\/span><\/p>\n<p><span style=\"font-family: georgia, palatino;font-size: 12pt\"><strong>\u00a0<\/strong><\/span><span style=\"font-family: georgia, palatino;font-size: 12pt\">Przewodnicz\u0105cy: <strong>Katarzyna Brzozowska \u2013 Bicz, gr. 5<\/strong><\/span><\/p>\n<p><span style=\"font-family: georgia, palatino;font-size: 12pt\">Zast\u0119pca:<\/span><\/p>\n<p><span style=\"font-family: georgia, palatino;font-size: 12pt\">Skarbnik: <strong>Katarzyna Nowogrodzka, gr. 5<\/strong><\/span><\/p>\n<p><span style=\"font-family: georgia, palatino;font-size: 12pt\">Ksi\u0119gowa: <strong>Joanna Baszczyszyn, gr 4<\/strong><\/span><\/p>\n<p><span style=\"font-family: georgia, palatino;font-size: 12pt\">Protokolant: <strong>Aleksandra Kalinowska, gr. 7<\/strong><\/span><\/p>\n<p><span style=\"font-family: georgia, palatino;font-size: 12pt\">Rada Rodzic\u00f3w realizuje swoje cele z wp\u0142at na fundusz Rady Rodzic\u00f3w. W ubieg\u0142ym roku szkolnym Rada Rodzic\u00f3w z zebranych darowizn sfinansowa\u0142a: teatrzyki, koncerty muzyczne, pomoce przedszkolne, zabaw\u0119 miko\u0142ajkow\u0105 wraz z prezentami, zaj\u0119cia animatora na balu karnawa\u0142owym, zakup stroj\u00f3w na wyst\u0119py dzieci, nagrody w konkursach oraz doposa\u017cenie przedszkola w sprz\u0119t.<\/span><\/p>\n<p><span style=\"font-family: georgia, palatino;font-size: 12pt\"><u>Wszystkie wy\u017cej wymienione dzia\u0142ania by\u0142y mo\u017cliwe tylko i wy\u0142\u0105cznie dzi\u0119ki regularnym wp\u0142atom na konto funduszu Rady Rodzic\u00f3w, za co serdecznie dzi\u0119kujemy.<\/u><\/span><\/p>\n<p><span style=\"font-family: georgia, palatino;font-size: 12pt\"><strong>Powy\u017csze sk\u0142adki prosimy wp\u0142aca\u0107 na konto Rady Rodzic\u00f3w:<\/strong><\/span><\/p>\n<p><span style=\"font-family: georgia, palatino;font-size: 12pt\"><strong>24 1440 1390 0000 0000 1630 8428<\/strong><\/span><\/p>\n<p><span style=\"font-family: georgia, palatino;font-size: 12pt\"><strong><em>Prosimy o dokonywanie oddzielnych przelew\u00f3w: <\/em><\/strong><\/span><\/p>\n<p><span style=\"font-family: georgia, palatino;font-size: 12pt\">i w tytule prosimy wpisa\u0107:<\/span><\/p>\n<p><span style=\"font-family: georgia, palatino;font-size: 12pt\"><strong><u>Darowizna<\/u><\/strong><strong> na fundusz RR\u00a0 (imi\u0119 i nazwisko dziecka,<\/strong><strong>\u00a0<\/strong><strong>gr. <\/strong><strong>&#8230;)<\/strong><\/span><\/p>\n<p><span style=\"font-family: georgia, palatino;font-size: 12pt\"><strong><u>Darowizna<\/u><\/strong><strong> na Rytmik\u0119\u00a0 (imi\u0119 i nazwisko dziecka,<\/strong><strong>\u00a0<\/strong><strong>gr. <\/strong><strong>&#8230;)<\/strong><\/span><\/p>\n<p><span style=\"font-family: georgia, palatino;font-size: 12pt\">Serdecznie zach\u0119camy do wp\u0142at, gdy\u017c im wy\u017csza suma na funduszu Rady Rodzic\u00f3w, <\/span><br \/>\n<span style=\"font-family: georgia, palatino;font-size: 12pt\">tym wi\u0119cej atrakcji b\u0119dzie czeka\u0142o na Nasze dzieci w roku szkolnym 2025\/2026.<\/span><\/p>\n<p><span style=\"font-family: georgia, palatino;font-size: 12pt\">Ponadto ka\u017cdy rodzic mo\u017ce wspom\u00f3c Rad\u0119 Rodzic\u00f3w nie tylko wp\u0142at\u0105 na fundusz, <\/span><br \/>\n<span style=\"font-family: georgia, palatino;font-size: 12pt\">ale r\u00f3wnie\u017c zaanga\u017cowaniem si\u0119 w jej dzia\u0142ania lub przeprowadzeniem (po konsultacji) w\u0142asnych inicjatyw.<\/span><\/p>\n<p><span style=\"font-family: georgia, palatino;font-size: 12pt\"><strong>By by\u0107 na bie\u017c\u0105co wszelkie informacje przekazujemy rodzicom z \u2018Tr\u00f3jek grupowych\u2019, dlatego w razie pyta\u0144 prosimy kierowa\u0107 si\u0119 do tych rodzic\u00f3w.<\/strong><\/span><\/p>\n<p><span style=\"font-family: georgia, palatino;font-size: 12pt\"><strong>Kontakt*:<\/strong><\/span><\/p>\n<p><span style=\"font-family: georgia, palatino;font-size: 12pt\">Poprzez komunikator Messenger na portalu Facebook<\/span><\/p>\n<p><span style=\"font-family: georgia, palatino;font-size: 12pt\">*<em>Kontaktuj\u0105c si\u0119 z Rad\u0105 Rodzic\u00f3w uprzejmie prosimy o podpisanie si\u0119 z imienia i nazwiska pod wiadomo\u015bci\u0105 oraz podanie numeru grupy, do kt\u00f3rej ucz\u0119szcza Pa\u0144stwa dziecko.<\/em><\/span>[\/vc_column_text][vc_column_text css=&#8221;&#8221;]<span style=\"font-family: georgia, palatino;font-size: 12pt\">Szanowni Rodzice,<\/span><\/p>\n<p><span style=\"font-family: georgia, palatino;font-size: 12pt\">Sk\u0142adki na Fundusz Rady Rodzic\u00f3w oraz na zaj\u0119cia dodatkowe na rok szkolny <strong>2025\/2026<\/strong> dla naszego Przedszkola, kszta\u0142tuj\u0105 si\u0119 nast\u0119puj\u0105co:<\/span><\/p>\n<p><span style=\"font-family: georgia, palatino;font-size: 12pt\"><strong><u>SK\u0141ADKA NA FUNDUSZ RADY RODZIC\u00d3W<\/u><\/strong><\/span><\/p>\n<p><span style=\"font-family: georgia, palatino;font-size: 12pt\"><strong>270,00 z\u0142<\/strong><\/span><\/p>\n<p><span style=\"font-family: georgia, palatino;font-size: 12pt\">\u2013 p\u0142atne w 1 racie \u2013 do dnia 31.10.2025 r.<\/span><\/p>\n<p><span style=\"font-family: georgia, palatino;font-size: 12pt\">\u2013 p\u0142atne w 2 ratach po 135 z\u0142 (1 rata do 31.10.2025 r., 2 rata do 28.02.2026 r.)<\/span><\/p>\n<p><span style=\"font-family: georgia, palatino;font-size: 12pt\">W sytuacji, gdy do naszego przedszkola ucz\u0119szcza z danej rodziny dwoje lub wi\u0119cej dzieci, ka\u017cde drugie i kolejne dziecko:<\/span><\/p>\n<p><span style=\"font-family: georgia, palatino;font-size: 12pt\"><strong>250,00 z\u0142<\/strong><\/span><\/p>\n<p><span style=\"font-family: georgia, palatino;font-size: 12pt\">\u2013 p\u0142atne w 1 racie \u2013 do dnia 31.10.2025 r.<\/span><\/p>\n<p><span style=\"font-family: georgia, palatino;font-size: 12pt\">\u2013 p\u0142atne w 2 ratach po 125 z\u0142 (1 rata do 31.10.2025 r., 2 rata do 28.02.2026 r.)<\/span><\/p>\n<p><span style=\"font-family: georgia, palatino;font-size: 12pt\"><strong><u>WP\u0141ATA NA RYTMIK\u0118<\/u><\/strong><\/span><\/p>\n<p><span style=\"font-family: georgia, palatino;font-size: 12pt\"><strong>\u00a0<\/strong><strong>180,00 z\u0142<\/strong><\/span><\/p>\n<p><span style=\"font-family: georgia, palatino;font-size: 12pt\">\u2013 p\u0142atne w 1 racie \u2013 do dnia 31.10.2025 r.<\/span><\/p>\n<p><span style=\"font-family: georgia, palatino;font-size: 12pt\">\u2013 p\u0142atne w 2 ratach po 90 z\u0142 (1 rata do 31.10.2025 r., 2 rata do 28.02.2026 r.)<\/span><\/p>\n<p><span style=\"font-family: georgia, palatino;font-size: 12pt\">Zaj\u0119cia z rytmiki cz\u0119\u015bciowo finansowane s\u0105 z bud\u017cetu miasta.<\/span><\/p>\n<p><span style=\"font-family: georgia, palatino;font-size: 12pt\"><strong>Powy\u017csze sk\u0142adki prosimy wp\u0142aca\u0107 na konto Rady Rodzic\u00f3w:<\/strong><\/span><\/p>\n<p><span style=\"font-family: georgia, palatino;font-size: 12pt\"><strong>24 1440 1390 0000 0000 1630 8428<\/strong><\/span><\/p>\n<p><span style=\"font-family: georgia, palatino;font-size: 12pt\"><strong><em>Prosimy o dokonywanie oddzielnych przelew\u00f3w: <\/em><\/strong><\/span><\/p>\n<p><span style=\"font-family: georgia, palatino;font-size: 12pt\">i w tytule prosimy wpisa\u0107:<\/span><\/p>\n<p><span style=\"font-family: georgia, palatino;font-size: 12pt\"><strong><u>Darowizna<\/u><\/strong><strong> na fundusz RR\u00a0 (imi\u0119 i nazwisko dziecka,<\/strong><strong>\u00a0<\/strong><strong>gr. <\/strong><strong>&#8230;)<\/strong><\/span><\/p>\n<p><span style=\"font-family: georgia, palatino;font-size: 12pt\"><strong><u>Darowizna<\/u> na Rytmik\u0119\u00a0 (imi\u0119 i nazwisko dziecka,\u00a0gr. &#8230;)<\/strong><\/span>[\/vc_column_text][\/vc_column][\/vc_row]<\/p>\n<\/div>","protected":false},"excerpt":{"rendered":"<p>[vc_row][vc_column][vc_column_text css=&#8221;&#8221;]RADA RODZIC\u00d3W PRZEDSZKOLA NR 5 W ROKU SZKOLNYM 2025\/2026 Sk\u0142ad Zarz\u0105du Rady Rodzic\u00f3w: \u00a0Przewodnicz\u0105cy: Katarzyna Brzozowska \u2013 Bicz, gr. 5 Zast\u0119pca: Skarbnik: Katarzyna Nowogrodzka, gr. 5 Ksi\u0119gowa: Joanna Baszczyszyn, [&hellip;]<\/p>\n","protected":false},"author":15,"featured_media":0,"parent":33,"menu_order":0,"comment_status":"closed","ping_status":"closed","template":"","meta":{"ngg_post_thumbnail":0,"footnotes":""},"class_list":["post-180","page","type-page","status-publish","hentry","clearfix"],"_links":{"self":[{"href":"https:\/\/przedszkole5.edu.wroclaw.pl\/index.php\/wp-json\/wp\/v2\/pages\/180","targetHints":{"allow":["GET"]}}],"collection":[{"href":"https:\/\/przedszkole5.edu.wroclaw.pl\/index.php\/wp-json\/wp\/v2\/pages"}],"about":[{"href":"https:\/\/przedszkole5.edu.wroclaw.pl\/index.php\/wp-json\/wp\/v2\/types\/page"}],"author":[{"embeddable":true,"href":"https:\/\/przedszkole5.edu.wroclaw.pl\/index.php\/wp-json\/wp\/v2\/users\/15"}],"replies":[{"embeddable":true,"href":"https:\/\/przedszkole5.edu.wroclaw.pl\/index.php\/wp-json\/wp\/v2\/comments?post=180"}],"version-history":[{"count":21,"href":"https:\/\/przedszkole5.edu.wroclaw.pl\/index.php\/wp-json\/wp\/v2\/pages\/180\/revisions"}],"predecessor-version":[{"id":7768,"href":"https:\/\/przedszkole5.edu.wroclaw.pl\/index.php\/wp-json\/wp\/v2\/pages\/180\/revisions\/7768"}],"up":[{"embeddable":true,"href":"https:\/\/przedszkole5.edu.wroclaw.pl\/index.php\/wp-json\/wp\/v2\/pages\/33"}],"wp:attachment":[{"href":"https:\/\/przedszkole5.edu.wroclaw.pl\/index.php\/wp-json\/wp\/v2\/media?parent=180"}],"curies":[{"name":"wp","href":"https:\/\/api.w.org\/{rel}","templated":true}]}}

Rada rodziców

<div class="wpb-content-wrapper"><p>[vc_row][vc_column][vc_column_text css=&#8221;&#8221;]<span style="font-family: georgia, palatino;font-size: 12pt"><strong>RADA RODZICÓW PRZEDSZKOLA NR 5 </strong></span><span style="font-family: georgia, palatino;font-size: 12pt"><strong>W ROKU SZKOLNYM 2025/2026</strong></span></p>
<p><span style="font-family: georgia, palatino;font-size: 12pt"><strong>Skład Zarządu Rady Rodziców:</strong></span></p>
<p><span style="font-family: georgia, palatino;font-size: 12pt"><strong> </strong></span><span style="font-family: georgia, palatino;font-size: 12pt">Przewodniczący: <strong>Katarzyna Brzozowska – Bicz, gr. 5</strong></span></p>
<p><span style="font-family: georgia, palatino;font-size: 12pt">Zastępca:</span></p>
<p><span style="font-family: georgia, palatino;font-size: 12pt">Skarbnik: <strong>Katarzyna Nowogrodzka, gr. 5</strong></span></p>
<p><span style="font-family: georgia, palatino;font-size: 12pt">Księgowa: <strong>Joanna Baszczyszyn, gr 4</strong></span></p>
<p><span style="font-family: georgia, palatino;font-size: 12pt">Protokolant: <strong>Aleksandra Kalinowska, gr. 7</strong></span></p>
<p><span style="font-family: georgia, palatino;font-size: 12pt">Rada Rodziców realizuje swoje cele z wpłat na fundusz Rady Rodziców. W ubiegłym roku szkolnym Rada Rodziców z zebranych darowizn sfinansowała: teatrzyki, koncerty muzyczne, pomoce przedszkolne, zabawę mikołajkową wraz z prezentami, zajęcia animatora na balu karnawałowym, zakup strojów na występy dzieci, nagrody w konkursach oraz doposażenie przedszkola w sprzęt.</span></p>
<p><span style="font-family: georgia, palatino;font-size: 12pt"><u>Wszystkie wyżej wymienione działania były możliwe tylko i wyłącznie dzięki regularnym wpłatom na konto funduszu Rady Rodziców, za co serdecznie dziękujemy.</u></span></p>
<p><span style="font-family: georgia, palatino;font-size: 12pt"><strong>Powyższe składki prosimy wpłacać na konto Rady Rodziców:</strong></span></p>
<p><span style="font-family: georgia, palatino;font-size: 12pt"><strong>24 1440 1390 0000 0000 1630 8428</strong></span></p>
<p><span style="font-family: georgia, palatino;font-size: 12pt"><strong><em>Prosimy o dokonywanie oddzielnych przelewów: </em></strong></span></p>
<p><span style="font-family: georgia, palatino;font-size: 12pt">i w tytule prosimy wpisać:</span></p>
<p><span style="font-family: georgia, palatino;font-size: 12pt"><strong><u>Darowizna</u></strong><strong> na fundusz RR  (imię i nazwisko dziecka,</strong><strong> </strong><strong>gr. </strong><strong>&#8230;)</strong></span></p>
<p><span style="font-family: georgia, palatino;font-size: 12pt"><strong><u>Darowizna</u></strong><strong> na Rytmikę  (imię i nazwisko dziecka,</strong><strong> </strong><strong>gr. </strong><strong>&#8230;)</strong></span></p>
<p><span style="font-family: georgia, palatino;font-size: 12pt">Serdecznie zachęcamy do wpłat, gdyż im wyższa suma na funduszu Rady Rodziców, </span><br />
<span style="font-family: georgia, palatino;font-size: 12pt">tym więcej atrakcji będzie czekało na Nasze dzieci w roku szkolnym 2025/2026.</span></p>
<p><span style="font-family: georgia, palatino;font-size: 12pt">Ponadto każdy rodzic może wspomóc Radę Rodziców nie tylko wpłatą na fundusz, </span><br />
<span style="font-family: georgia, palatino;font-size: 12pt">ale również zaangażowaniem się w jej działania lub przeprowadzeniem (po konsultacji) własnych inicjatyw.</span></p>
<p><span style="font-family: georgia, palatino;font-size: 12pt"><strong>By być na bieżąco wszelkie informacje przekazujemy rodzicom z ‘Trójek grupowych’, dlatego w razie pytań prosimy kierować się do tych rodziców.</strong></span></p>
<p><span style="font-family: georgia, palatino;font-size: 12pt"><strong>Kontakt*:</strong></span></p>
<p><span style="font-family: georgia, palatino;font-size: 12pt">Poprzez komunikator Messenger na portalu Facebook</span></p>
<p><span style="font-family: georgia, palatino;font-size: 12pt">*<em>Kontaktując się z Radą Rodziców uprzejmie prosimy o podpisanie się z imienia i nazwiska pod wiadomością oraz podanie numeru grupy, do której uczęszcza Państwa dziecko.</em></span>[/vc_column_text][vc_column_text css=&#8221;&#8221;]<span style="font-family: georgia, palatino;font-size: 12pt">Szanowni Rodzice,</span></p>
<p><span style="font-family: georgia, palatino;font-size: 12pt">Składki na Fundusz Rady Rodziców oraz na zajęcia dodatkowe na rok szkolny <strong>2025/2026</strong> dla naszego Przedszkola, kształtują się następująco:</span></p>
<p><span style="font-family: georgia, palatino;font-size: 12pt"><strong><u>SKŁADKA NA FUNDUSZ RADY RODZICÓW</u></strong></span></p>
<p><span style="font-family: georgia, palatino;font-size: 12pt"><strong>270,00 zł</strong></span></p>
<p><span style="font-family: georgia, palatino;font-size: 12pt">– płatne w 1 racie – do dnia 31.10.2025 r.</span></p>
<p><span style="font-family: georgia, palatino;font-size: 12pt">– płatne w 2 ratach po 135 zł (1 rata do 31.10.2025 r., 2 rata do 28.02.2026 r.)</span></p>
<p><span style="font-family: georgia, palatino;font-size: 12pt">W sytuacji, gdy do naszego przedszkola uczęszcza z danej rodziny dwoje lub więcej dzieci, każde drugie i kolejne dziecko:</span></p>
<p><span style="font-family: georgia, palatino;font-size: 12pt"><strong>250,00 zł</strong></span></p>
<p><span style="font-family: georgia, palatino;font-size: 12pt">– płatne w 1 racie – do dnia 31.10.2025 r.</span></p>
<p><span style="font-family: georgia, palatino;font-size: 12pt">– płatne w 2 ratach po 125 zł (1 rata do 31.10.2025 r., 2 rata do 28.02.2026 r.)</span></p>
<p><span style="font-family: georgia, palatino;font-size: 12pt"><strong><u>WPŁATA NA RYTMIKĘ</u></strong></span></p>
<p><span style="font-family: georgia, palatino;font-size: 12pt"><strong> </strong><strong>180,00 zł</strong></span></p>
<p><span style="font-family: georgia, palatino;font-size: 12pt">– płatne w 1 racie – do dnia 31.10.2025 r.</span></p>
<p><span style="font-family: georgia, palatino;font-size: 12pt">– płatne w 2 ratach po 90 zł (1 rata do 31.10.2025 r., 2 rata do 28.02.2026 r.)</span></p>
<p><span style="font-family: georgia, palatino;font-size: 12pt">Zajęcia z rytmiki częściowo finansowane są z budżetu miasta.</span></p>
<p><span style="font-family: georgia, palatino;font-size: 12pt"><strong>Powyższe składki prosimy wpłacać na konto Rady Rodziców:</strong></span></p>
<p><span style="font-family: georgia, palatino;font-size: 12pt"><strong>24 1440 1390 0000 0000 1630 8428</strong></span></p>
<p><span style="font-family: georgia, palatino;font-size: 12pt"><strong><em>Prosimy o dokonywanie oddzielnych przelewów: </em></strong></span></p>
<p><span style="font-family: georgia, palatino;font-size: 12pt">i w tytule prosimy wpisać:</span></p>
<p><span style="font-family: georgia, palatino;font-size: 12pt"><strong><u>Darowizna</u></strong><strong> na fundusz RR  (imię i nazwisko dziecka,</strong><strong> </strong><strong>gr. </strong><strong>&#8230;)</strong></span></p>
<p><span style="font-family: georgia, palatino;font-size: 12pt"><strong><u>Darowizna</u> na Rytmikę  (imię i nazwisko dziecka, gr. &#8230;)</strong></span>[/vc_column_text][/vc_column][/vc_row]</p>
</div>

<p>[vc_row][vc_column][vc_column_text css=&#8221;&#8221;]RADA RODZICÓW PRZEDSZKOLA NR 5 W ROKU SZKOLNYM 2025/2026 Skład Zarządu Rady Rodziców:  Przewodniczący: Katarzyna Brzozowska – Bicz, gr. 5 Zastępca: Skarbnik: Katarzyna Nowogrodzka, gr. 5 Księgowa: Joanna Baszczyszyn, [&hellip;]</p>
