
{"id":144,"date":"2017-03-08T15:05:47","date_gmt":"2017-03-08T14:05:47","guid":{"rendered":"https:\/\/przedszkole5.edu.wroclaw.pl\/?page_id=144"},"modified":"2026-03-02T14:58:35","modified_gmt":"2026-03-02T13:58:35","slug":"dokumenty","status":"publish","type":"page","link":"https:\/\/przedszkole5.edu.wroclaw.pl\/index.php\/dla-opiekunow\/dokumenty\/","title":{"rendered":"Dokumenty"},"content":{"rendered":"<div class=\"wpb-content-wrapper\"><p>[vc_row][vc_column][vc_column_text css_animation=&#8221;fadeIn&#8221;]<\/p>\n<h1><strong>DOKUMENTY DO POBRANIA<\/strong><\/h1>\n<p>[\/vc_column_text][vc_empty_space][vc_column_text css_animation=&#8221;fadeInLeft&#8221; css=&#8221;&#8221;]<span style=\"font-family: georgia, palatino;font-size: 12pt\"><a href=\"https:\/\/przedszkole5.edu.wroclaw.pl\/wp-content\/uploads\/sites\/28\/2026\/03\/KONTYNUACJA-przedszkola.docx\">DEKLARACJA KONTYNUACJI<\/a><\/span><\/p>\n<p><span style=\"font-family: georgia, palatino;font-size: 12pt\"><a href=\"https:\/\/przedszkole5.edu.wroclaw.pl\/wp-content\/uploads\/sites\/28\/2024\/08\/1.-Deklaracja-Rodzicow-czas-pobytu-dziecka.pdf\">1. Deklaracja-Rodzicow-czas-pobytu-dziecka<\/a><\/span><\/p>\n<p><span style=\"font-family: georgia, palatino;font-size: 12pt\"><a href=\"https:\/\/przedszkole5.edu.wroclaw.pl\/wp-content\/uploads\/sites\/28\/2025\/08\/Deklaracja-Rodzicow-czas-pobytu-dziecka.doc\">Deklaracja Rodzic\u00f3w &#8211; czas pobytu dziecka &#8211; dla innej narodowo\u015bci ni\u017c Polska<\/a><\/span><\/p>\n<p><span style=\"font-family: georgia, palatino;font-size: 12pt\"><a href=\"https:\/\/przedszkole5.edu.wroclaw.pl\/wp-content\/uploads\/sites\/28\/2022\/11\/Upowaznienie-na-odbior-dziecka-z-P-5-nowe.pdf\">2. Upowa\u017cnienie na odbi\u00f3r dziecka <\/a><\/span><\/p>\n<p><span style=\"font-family: georgia, palatino;font-size: 12pt\"><a href=\"https:\/\/przedszkole5.edu.wroclaw.pl\/wp-content\/uploads\/sites\/28\/2024\/08\/3.-Oswiadczenia-rodzicow.pdf\">3. O\u015bwiadczenia rodzic\u00f3w<\/a><\/span><\/p>\n<p><span style=\"font-family: georgia, palatino;font-size: 12pt\"><a href=\"https:\/\/przedszkole5.edu.wroclaw.pl\/wp-content\/uploads\/sites\/28\/2024\/08\/4.-Wniosek-udzial-dziecka-w-zajeciach-religii.pdf\">4. Wniosek &#8211; udzia\u0142 dziecka w zaj\u0119ciach religii<\/a><\/span><\/p>\n<p><span style=\"font-family: georgia, palatino;font-size: 12pt\"><a href=\"https:\/\/przedszkole5.edu.wroclaw.pl\/wp-content\/uploads\/sites\/28\/2024\/08\/5.-Oswiadczenie-o-rodzinie-wielodzietnej-zwolnienie-z-oplaty-stalej.pdf\">5. O\u015bwiadczenie o rodzinie wielodzietnej &#8211; zwolnienie z op\u0142aty sta\u0142ej<\/a><\/span><\/p>\n<p><span style=\"font-family: georgia, palatino;font-size: 12pt\"><a href=\"https:\/\/przedszkole5.edu.wroclaw.pl\/wp-content\/uploads\/sites\/28\/2024\/08\/6.-Wniosek-dieta-w-zywieniu-1.pdf\">6. Wniosek &#8211; dieta w \u017cywieniu<\/a><\/span><\/p>\n<p><span style=\"font-family: georgia, palatino;font-size: 12pt\"><a href=\"https:\/\/przedszkole5.edu.wroclaw.pl\/wp-content\/uploads\/sites\/28\/2024\/08\/7.-Wniosek-ksztalcenie-specjalne.pdf\">7. Wniosek &#8211; kszta\u0142cenie specjalne<\/a><\/span><\/p>\n<p><span style=\"font-family: georgia, palatino;font-size: 12pt\"><a href=\"https:\/\/przedszkole5.edu.wroclaw.pl\/wp-content\/uploads\/sites\/28\/2024\/08\/8.-Wniosek-o-wystawienie-opinii-o-moim-dziecku.pdf\">8. Wniosek o wystawienie opinii o moim dziecku<\/a><\/span><\/p>\n<p><span style=\"font-family: georgia, palatino;font-size: 12pt\"><a href=\"https:\/\/przedszkole5.edu.wroclaw.pl\/wp-content\/uploads\/sites\/28\/2022\/09\/Zgoda-na-przetwarzanie-danych-i-wykorzystywanie-wizerunku-dziecka_www.docx\">9. Formularz zgody na publikacj\u0119 wizerunku dziecka<\/a><\/span><\/p>\n<p>&nbsp;<\/p>\n<p><span style=\"font-family: georgia, palatino, serif;font-size: 12pt\"><span style=\"font-family: georgia, palatino\"><span style=\"font-size: 12pt\"><span style=\"font-family: georgia, palatino\"><a href=\"https:\/\/przedszkole5.edu.wroclaw.pl\/wp-content\/uploads\/sites\/28\/2025\/10\/Standardy-reguly-ochrony-maloletnich-przed-krzywdzeniem-w-przedszkolu-.pdf\">Standardy (regu\u0142y) ochrony ma\u0142oletnich przed krzywdzeniem w przedszkolu<\/a><\/span><\/span><\/span><\/span><\/p>\n<p><span style=\"font-family: georgia, palatino, serif;font-size: 12pt\"><span style=\"font-family: georgia, palatino\"><span style=\"font-size: 12pt\"><a href=\"https:\/\/przedszkole5.edu.wroclaw.pl\/wp-content\/uploads\/sites\/28\/2024\/08\/Statut-P-5-.pdf\">Statut P-5<\/a><\/span><\/span><\/span><\/p>\n<p><span style=\"font-family: georgia, palatino, serif;font-size: 12pt\"><span style=\"font-family: georgia, palatino\"><span style=\"font-size: 12pt\"><a href=\"https:\/\/przedszkole5.edu.wroclaw.pl\/wp-content\/uploads\/sites\/28\/2023\/02\/Zalacznik-Nr-1-do-Statutu-P5-aneks-\u2014.pdf\">Za\u0142\u0105cznik Nr 1 do Statutu P5 aneks<\/a><\/span><\/span><\/span><\/p>\n<p><span style=\"font-family: georgia, palatino, serif;font-size: 12pt\"><a href=\"https:\/\/przedszkole5.edu.wroclaw.pl\/wp-content\/uploads\/sites\/28\/2022\/04\/Podstawa-wychowania-przedszkolnego-od-01.09.2017.pdf\">Podstawa-wychowania-przedszkolnego<\/a><\/span><\/p>\n<p><span style=\"font-family: georgia, palatino, serif;font-size: 12pt\"><span style=\"font-family: georgia, palatino\"><a href=\"https:\/\/przedszkole5.edu.wroclaw.pl\/wp-content\/uploads\/sites\/28\/2023\/03\/P-5-Regulamin-zywienia.pdf\">P-5 Regulamin \u017cywienia<\/a><\/span><\/span><\/p>\n<p><span style=\"font-family: georgia, palatino, serif;font-size: 12pt\"><a href=\"https:\/\/przedszkole5.edu.wroclaw.pl\/wp-content\/uploads\/sites\/28\/2022\/09\/ZP_8946_22_uchylenie.pdf\">ZP_8946_22_uchylenie<\/a><\/span><\/p>\n<p><span style=\"font-family: georgia, palatino, serif;font-size: 12pt\"><a href=\"https:\/\/przedszkole5.edu.wroclaw.pl\/wp-content\/uploads\/sites\/28\/2024\/08\/Uchwala-Rady-Miejskiej-nr-III-18-24.pdf\">Uchwa\u0142a Rady Miejskiej nr III-18-24<\/a><\/span><\/p>\n<p><span style=\"font-family: georgia, palatino, serif;font-size: 12pt\"><a href=\"https:\/\/przedszkole5.edu.wroclaw.pl\/wp-content\/uploads\/sites\/28\/2022\/11\/PROCEDURA-POSTEPOWANIA-W-SPRAWIE-UZYWANIA-PRZEZ-DZIECI-OSOBISTYCH-TELEFONOW-KOMORKOWYCH-I-INNYCH-URZADZEN-ELEKTRONICZNYCH-\u2014-kopia.pdf\">PROCEDURA POST\u0118POWANIA W SPRAWIE U\u017bYWANIA PRZEZ DZIECI OSOBISTYCH TELEFON\u00d3W KOM\u00d3RKOWYCH I INNYCH URZ\u0104DZE\u0143 ELEKTRONICZNYCH<\/a><\/span><\/p>\n<p><span style=\"font-family: georgia, palatino, serif;font-size: 12pt\"><a href=\"https:\/\/przedszkole5.edu.wroclaw.pl\/wp-content\/uploads\/sites\/28\/2017\/03\/Proceduraprzyprowadzania_dzieci2014.pdf\">Procedura przyprowadzania i odbierania dzieci<\/a><\/span><\/p>\n<p><span style=\"font-family: georgia, palatino, serif;font-size: 12pt\"><a href=\"https:\/\/przedszkole5.edu.wroclaw.pl\/wp-content\/uploads\/sites\/28\/2017\/03\/nieodebranie_dziecka.pdf\">Procedura post\u0119powania w sytuacji nieodebrania dziecka z P-5<\/a><\/span><\/p>\n<p><span style=\"font-family: georgia, palatino, serif;font-size: 12pt\"><a href=\"https:\/\/przedszkole5.edu.wroclaw.pl\/wp-content\/uploads\/sites\/28\/2017\/03\/Procedura-odbior-rozwiedz2014.pdf\">Procedura post\u0119powania w przypadku problem\u00f3w z odbieraniem dziecka przez rodzic\u00f3w rozwiedzionych, \u017cyj\u0105cych w separacji lub w wolnym zwi\u0105zku<\/a><\/span><\/p>\n<p><span style=\"font-family: georgia, palatino, serif;font-size: 12pt\"><a href=\"https:\/\/przedszkole5.edu.wroclaw.pl\/wp-content\/uploads\/sites\/28\/2017\/03\/Procedura-odbior-dziecka-alkoholu.pdf\">Procedura post\u0119powania w sytuacji, gdy wychowawca podejrzewa, \u017ce dziecko jest odbierane przez rodzica b\u0119d\u0105cego pod wp\u0142ywem alkoholu<\/a><\/span>[\/vc_column_text][\/vc_column][\/vc_row]<\/p>\n<\/div>","protected":false},"excerpt":{"rendered":"<p>[vc_row][vc_column][vc_column_text css_animation=&#8221;fadeIn&#8221;] DOKUMENTY DO POBRANIA [\/vc_column_text][vc_empty_space][vc_column_text css_animation=&#8221;fadeInLeft&#8221; css=&#8221;&#8221;]DEKLARACJA KONTYNUACJI 1. Deklaracja-Rodzicow-czas-pobytu-dziecka Deklaracja Rodzic\u00f3w &#8211; czas pobytu dziecka &#8211; dla innej narodowo\u015bci ni\u017c Polska 2. Upowa\u017cnienie na odbi\u00f3r dziecka 3. O\u015bwiadczenia [&hellip;]<\/p>\n","protected":false},"author":15,"featured_media":0,"parent":33,"menu_order":0,"comment_status":"closed","ping_status":"closed","template":"","meta":{"ngg_post_thumbnail":0,"footnotes":""},"class_list":["post-144","page","type-page","status-publish","hentry","clearfix"],"_links":{"self":[{"href":"https:\/\/przedszkole5.edu.wroclaw.pl\/index.php\/wp-json\/wp\/v2\/pages\/144","targetHints":{"allow":["GET"]}}],"collection":[{"href":"https:\/\/przedszkole5.edu.wroclaw.pl\/index.php\/wp-json\/wp\/v2\/pages"}],"about":[{"href":"https:\/\/przedszkole5.edu.wroclaw.pl\/index.php\/wp-json\/wp\/v2\/types\/page"}],"author":[{"embeddable":true,"href":"https:\/\/przedszkole5.edu.wroclaw.pl\/index.php\/wp-json\/wp\/v2\/users\/15"}],"replies":[{"embeddable":true,"href":"https:\/\/przedszkole5.edu.wroclaw.pl\/index.php\/wp-json\/wp\/v2\/comments?post=144"}],"version-history":[{"count":80,"href":"https:\/\/przedszkole5.edu.wroclaw.pl\/index.php\/wp-json\/wp\/v2\/pages\/144\/revisions"}],"predecessor-version":[{"id":8563,"href":"https:\/\/przedszkole5.edu.wroclaw.pl\/index.php\/wp-json\/wp\/v2\/pages\/144\/revisions\/8563"}],"up":[{"embeddable":true,"href":"https:\/\/przedszkole5.edu.wroclaw.pl\/index.php\/wp-json\/wp\/v2\/pages\/33"}],"wp:attachment":[{"href":"https:\/\/przedszkole5.edu.wroclaw.pl\/index.php\/wp-json\/wp\/v2\/media?parent=144"}],"curies":[{"name":"wp","href":"https:\/\/api.w.org\/{rel}","templated":true}]}}